{"id":397615,"date":"2023-11-17T12:04:45","date_gmt":"2023-11-17T12:04:45","guid":{"rendered":"https:\/\/careers.tuigroup.com\/?page_id=397615"},"modified":"2023-11-17T12:04:45","modified_gmt":"2023-11-17T12:04:45","slug":"first-officer","status":"publish","type":"page","link":"https:\/\/demo-1.carlashub.com\/index.php\/first-officer\/","title":{"rendered":"First Officer"},"content":{"rendered":"\n<div class=\"wp-block-tcb-hero-image hero-image-container full-width\"><svg><clipPath id=\"desktop-2560-hero-svg\" clipPathUnits=\"objectBoundingBox\"><path d=\"M0.031,0 L0.969,0 C0.986,0,1,0.024,1,0.053 L1,0.887 L1,0.887 C0.92,0.955,0.659,1,0.5,1 C0.341,1,0.08,0.955,0,0.887 L0,0.053 C0,0.024,0.014,0,0.031,0\"><\/path><\/clipPath><clipPath id=\"desktop-1920-hero-svg\" clipPathUnits=\"objectBoundingBox\"><path d=\"M80,0l1760,0c44.183,0,80,35.817,80,80l0,921.026l0,0c-153.475,76.391,-655.659,126.974,-960,126.974c-304.341,0,-806.525,-50.583,-960,-126.975l0,-921.025c0,-44.183,35.817,-80,80,-80z\"><\/path><\/clipPath><clipPath id=\"desktop-big-hero-svg\" clipPathUnits=\"objectBoundingBox\"><path d=\"M0.056,0 h0.889 c0.031,0,0.056,0.042,0.056,0.095 v0.793 C0.92,0.955,0.659,1,0.5,1 c-0.159,0,-0.42,-0.045,-0.5,-0.113 V0.095 c0,-0.052,0.025,-0.095,0.056,-0.095\"><\/path><\/clipPath><clipPath id=\"desktop-hero-svg\" clipPathUnits=\"objectBoundingBox\"><path d=\"M0.074,0 h0.854 c0.04,0,0.072,0.042,0.072,0.093 V0.887 C0.894,0.955,0.71,1,0.5,1 c-0.21,0,-0.394,-0.045,-0.5,-0.113 V0.095 c0,-0.052,0.033,-0.095,0.074,-0.095\"><\/path><\/clipPath><clipPath id=\"mobile-hero-svg\" clipPathUnits=\"objectBoundingBox\"><path d=\"M0.085,0 H0.915 C0.962,0,1,0.024,1,0.055 V0.949 C0.888,0.983,0.721,1,0.5,1 S0.112,0.983,0,0.949 V0.055 C0,0.024,0.038,0,0.085,0\"><\/path><\/clipPath><\/svg><div class=\"image-1920-470 hero-img\" aria-label=\"\" style=\"background-image: url(https:\/\/careers.tuigroup.com\/wp-content\/uploads\/2023\/11\/DSC_0436-scaled.jpg)\" data-image=\"https:\/\/careers.tuigroup.com\/wp-content\/uploads\/2023\/11\/DSC_0436-scaled.jpg\"><\/div><div class=\"image-1920-470 hero-mobile-image\" aria-label=\"\" style=\"background-image: url(https:\/\/careers.tuigroup.com\/wp-content\/uploads\/2023\/11\/DSC_0436-scaled.jpg)\" data-mobileimage=\"https:\/\/careers.tuigroup.com\/wp-content\/uploads\/2023\/11\/DSC_0436-scaled.jpg\"><\/div><div class=\"hero-overlay-wrapper\"><a class=\"no-pointer\" target=\"_self\" rel=\"noopener noreferrer\"><div class=\"hero-overlay\"><h1 class=\"hero-image-headline hero-text\" style=\"color:#fff\">TUI First Officer<\/h1><span class=\"hero-image-text hero-text\" style=\"color:#fff\">Wir bei TUI sind die Makers of Happy!<\/span><\/div><\/a><\/div><\/div>\n\n\n\n<div style=\"width:100%;padding:1%;background-color:#fff;border:0px solid #fff;margin-top:1%;margin-bottom:1%\" class=\"wp-block-tcb-separator\"><\/div>\n\n\n\n<h2 class=\"wp-block-heading has-dark-blue-color has-text-color\" id=\"h-was-sie-erwartet\"><strong>WAS SIE ERWARTET<\/strong><\/h2>\n\n\n\n<p class=\"has-dark-blue-color has-text-color\">Sie fliegen als Pilot (m\/w\/d) die neueste Generation der Boeing 737 auf unseren Kurz- und Mittelstreckenfl\u00fcgen und sind Teil einer motivierten und engagierten Crew vom ersten Tage an. Sie sorgen mit Ihrem fachlichen K\u00f6nnen f\u00fcr die Sicherheit unserer gro\u00dfen und kleinen G\u00e4ste und den p\u00fcnktlichen Start in den Urlaub mit TUI. Wir freuen uns auf Sie als neues Teammitglied!<\/p>\n\n\n\n<div style=\"width:100%;padding:2px;background-color:#fff;border:0px solid #fff;margin-top:2%;margin-bottom:2%\" class=\"wp-block-tcb-separator\"><\/div>\n\n\n\n<div class=\"wp-block-tcb-shifted-image-text columns-50-50\" style=\"background-color:#70cbf4;margin:0 -5% 0 0\"><a href=\"https:\/\/www.career.aero\/tuifly\/de\/job\/show\/id\/4060\" class=\"image-16-9 force-second-col \"><img src=\"https:\/\/careers.tuigroup.com\/wp-content\/uploads\/2023\/11\/Pilot.png\" alt=\"A pilot is stood on the steps of an aircraft. The pilot is wearing their uniform with the fin of the plane behind him. There is a blue sky with a few clouds.\"\/><\/a><div class=\"centered-text fixed-padding-mobile\" style=\"padding:5%\">\n<h2 class=\"wp-block-heading has-dark-blue-color has-text-color\" id=\"h-first-officer-m-w-d-mit-gultigem-type-rating-b737\"><br>First Officer (m\/w\/d) mit g\u00fcltigem Type Rating B737<\/h2>\n\n\n\n<p class=\"has-dark-blue-color has-text-color\">First Officer (m\/w\/d) mit g\u00fcltigem Type Rating B737 und mind. 500 Flugstunden on type.<\/p>\n\n\n\n<p class=\"has-dark-blue-color has-text-color\">Wir suchen f\u00fcr unsere Stationen in Hannover und D\u00fcsseldorf<\/p>\n\n\n\n<p class=\"has-dark-blue-color has-text-color has-link-color\"><a href=\"https:\/\/www.career.aero\/tuifly\/de\/job\/show\/id\/4060\"><strong>Jetzt Bewerben<\/strong><\/a><\/p>\n<\/div><\/div>\n\n\n\n<div style=\"width:100%;padding:2px;background-color:#fff;border:0px solid #fff;margin-top:2%;margin-bottom:2%\" class=\"wp-block-tcb-separator\"><\/div>\n\n\n\n<div class=\"wp-block-tcb-shifted-image-text columns-50-50\" style=\"background-color:#fff;margin:0 0 0 -5%\"><a href=\"https:\/\/www.career.aero\/tuifly\/de\/job\/show\/id\/4061\" class=\"image-16-9  \"><img src=\"https:\/\/careers.tuigroup.com\/wp-content\/uploads\/2023\/11\/Grace-Pilot-11-scaled.jpg\" alt=\"A TUI Pilot sat in the cockpit of an aircraft. The photo is taken towards the cockpit so the pilot is looking back to the camera with the console around and behind them. The pilot is smiling with her thumbs up.\"\/><\/a><div class=\"centered-text fixed-padding-mobile\" style=\"padding:5%\">\n<h2 class=\"wp-block-heading has-dark-blue-color has-text-color\" id=\"h-first-officer-m-w-d\">First Officer (m\/w\/d)<\/h2>\n\n\n\n<p class=\"has-dark-blue-color has-text-color\">Wir suchen f\u00fcr unsere Stationen in Hannover und D\u00fcsseldorf<\/p>\n\n\n\n<p class=\"has-dark-blue-color has-text-color has-link-color\"><a href=\"https:\/\/www.career.aero\/tuifly\/de\/job\/show\/id\/4061\"><strong>Jetzt Bewerben<\/strong><\/a><\/p>\n<\/div><\/div>\n\n\n\n<div style=\"width:100%;padding:1%;background-color:#fff;border:0px solid #fff;margin-top:1%;margin-bottom:1%\" class=\"wp-block-tcb-separator\"><\/div>\n\n\n\n<p><\/p>\n","protected":false},"excerpt":{"rendered":"<p>WAS SIE ERWARTET Sie fliegen als Pilot (m\/w\/d) die neueste Generation der Boeing 737 auf unseren Kurz- und Mittelstreckenfl\u00fcgen und sind Teil einer motivierten und engagierten Crew vom ersten Tage an. Sie sorgen mit Ihrem fachlichen K\u00f6nnen f\u00fcr die Sicherheit unserer gro\u00dfen und kleinen G\u00e4ste und den p\u00fcnktlichen Start in den Urlaub mit TUI. Wir &hellip; <\/p>\n<p class=\"link-more\"><a href=\"https:\/\/demo-1.carlashub.com\/index.php\/first-officer\/\" class=\"more-link\">Read More<span class=\"screen-reader-text\"> &#8220;First Officer&#8221;<\/span><\/a><\/p>\n","protected":false},"author":1,"featured_media":0,"parent":0,"menu_order":0,"comment_status":"closed","ping_status":"closed","template":"","meta":[],"_links":{"self":[{"href":"https:\/\/demo-1.carlashub.com\/index.php\/wp-json\/wp\/v2\/pages\/397615"}],"collection":[{"href":"https:\/\/demo-1.carlashub.com\/index.php\/wp-json\/wp\/v2\/pages"}],"about":[{"href":"https:\/\/demo-1.carlashub.com\/index.php\/wp-json\/wp\/v2\/types\/page"}],"author":[{"embeddable":true,"href":"https:\/\/demo-1.carlashub.com\/index.php\/wp-json\/wp\/v2\/users\/1"}],"replies":[{"embeddable":true,"href":"https:\/\/demo-1.carlashub.com\/index.php\/wp-json\/wp\/v2\/comments?post=397615"}],"version-history":[{"count":0,"href":"https:\/\/demo-1.carlashub.com\/index.php\/wp-json\/wp\/v2\/pages\/397615\/revisions"}],"wp:attachment":[{"href":"https:\/\/demo-1.carlashub.com\/index.php\/wp-json\/wp\/v2\/media?parent=397615"}],"curies":[{"name":"wp","href":"https:\/\/api.w.org\/{rel}","templated":true}]}}