{"id":392199,"date":"2023-07-14T12:24:04","date_gmt":"2023-07-14T12:24:04","guid":{"rendered":"https:\/\/careers.tuigroup.com\/?page_id=392199"},"modified":"2023-07-14T12:24:04","modified_gmt":"2023-07-14T12:24:04","slug":"sova-before-your-interview-rep","status":"publish","type":"page","link":"https:\/\/demo-1.carlashub.com\/index.php\/sova-before-your-interview-rep\/","title":{"rendered":"SOVA &#8211; Before your interview Rep"},"content":{"rendered":"\n<div class=\"wp-block-tcb-hero-image hero-image-container full-width\"><svg><clipPath id=\"desktop-2560-hero-svg\" clipPathUnits=\"objectBoundingBox\"><path d=\"M0.031,0 L0.969,0 C0.986,0,1,0.024,1,0.053 L1,0.887 L1,0.887 C0.92,0.955,0.659,1,0.5,1 C0.341,1,0.08,0.955,0,0.887 L0,0.053 C0,0.024,0.014,0,0.031,0\"><\/path><\/clipPath><clipPath id=\"desktop-1920-hero-svg\" clipPathUnits=\"objectBoundingBox\"><path d=\"M80,0l1760,0c44.183,0,80,35.817,80,80l0,921.026l0,0c-153.475,76.391,-655.659,126.974,-960,126.974c-304.341,0,-806.525,-50.583,-960,-126.975l0,-921.025c0,-44.183,35.817,-80,80,-80z\"><\/path><\/clipPath><clipPath id=\"desktop-big-hero-svg\" clipPathUnits=\"objectBoundingBox\"><path d=\"M0.056,0 h0.889 c0.031,0,0.056,0.042,0.056,0.095 v0.793 C0.92,0.955,0.659,1,0.5,1 c-0.159,0,-0.42,-0.045,-0.5,-0.113 V0.095 c0,-0.052,0.025,-0.095,0.056,-0.095\"><\/path><\/clipPath><clipPath id=\"desktop-hero-svg\" clipPathUnits=\"objectBoundingBox\"><path d=\"M0.074,0 h0.854 c0.04,0,0.072,0.042,0.072,0.093 V0.887 C0.894,0.955,0.71,1,0.5,1 c-0.21,0,-0.394,-0.045,-0.5,-0.113 V0.095 c0,-0.052,0.033,-0.095,0.074,-0.095\"><\/path><\/clipPath><clipPath id=\"mobile-hero-svg\" clipPathUnits=\"objectBoundingBox\"><path d=\"M0.085,0 H0.915 C0.962,0,1,0.024,1,0.055 V0.949 C0.888,0.983,0.721,1,0.5,1 S0.112,0.983,0,0.949 V0.055 C0,0.024,0.038,0,0.085,0\"><\/path><\/clipPath><\/svg><div class=\"image-1920-470 hero-img\" aria-label=\"\" style=\"background-image: url(https:\/\/careers.tuigroup.com\/wp-content\/uploads\/2021\/01\/TUI-Reps-scaled.jpg)\" data-image=\"https:\/\/careers.tuigroup.com\/wp-content\/uploads\/2021\/01\/TUI-Reps-scaled.jpg\"><\/div><div class=\"image-1920-470 hero-mobile-image\" aria-label=\"\" style=\"background-image: url(https:\/\/careers.tuigroup.com\/wp-content\/uploads\/2021\/01\/TUI-Reps-scaled.jpg)\" data-mobileimage=\"https:\/\/careers.tuigroup.com\/wp-content\/uploads\/2021\/01\/TUI-Reps-scaled.jpg\"><\/div><div class=\"hero-overlay-wrapper\"><a class=\"no-pointer\" target=\"_self\" rel=\"noopener noreferrer\"><div class=\"hero-overlay\"><h1 class=\"hero-image-headline hero-text\" style=\"color:#fff\"><\/h1><span class=\"hero-image-text hero-text\" style=\"color:#fff\">Before Your Interview<\/span><\/div><\/a><\/div><\/div>\n\n\n\n<div style=\"width:100%;padding:1%;background-color:#fff;border:0px solid #fff;margin-top:1%;margin-bottom:1%\" class=\"wp-block-tcb-separator\"><\/div>\n\n\n\n<div class=\"wp-block-tcb-image-text columns-50-50\" style=\"background-color:#fff;padding:5%\"><a class=\"image-16-9 force-second-col no-pointer\"><img src=\"https:\/\/careers.tuigroup.com\/wp-content\/uploads\/2023\/03\/MicrosoftTeams-image-2-scaled.jpg\" alt=\"Group of colleagues in TUI uniform celebrating and looking happy in one of our Holiday Destinations\"\/><\/a><div class=\"centered-text\">\n<h2 class=\"wp-block-heading has-dark-blue-color has-text-color\" id=\"h-your-virtual-interview\"><strong>YOUR VIRTUAL INTERVIEW<\/strong>&nbsp;<\/h2>\n\n\n\n<p class=\"has-dark-blue-color has-text-color\">Congratulations, you have done a great job so far and we would love to meet you for the final part of the recruitment journey \u2013 <strong>Your Virtual Interview.&nbsp;<\/strong><\/p>\n\n\n\n<p class=\"has-dark-blue-color has-text-color\">This virtual interview will give you the chance to meet us in person and to complete your final one-to-one interview with us.&nbsp; We will also discuss the Terms and Conditions of the role with you.&nbsp;&nbsp;<\/p>\n\n\n\n<p class=\"has-dark-blue-color has-text-color\">If you think you might require additional support or any adjustments to complete this virtual interview, then please contact us at <a href=\"mailto:candidates.tuimm@tui.com\" target=\"_blank\" rel=\"noreferrer noopener\"><strong>candidates.tuimm@tui.com<\/strong><\/a>&nbsp;<\/p>\n<\/div><\/div>\n\n\n\n<div style=\"width:100%;padding:1%;background-color:#fff;border:0px solid #fff;margin-top:1%;margin-bottom:1%\" class=\"wp-block-tcb-separator\"><\/div>\n\n\n\n<div class=\"wp-block-tcb-shifted-image-text columns-50-50\" style=\"background-color:#fff;margin:0 0 0 -5%\"><a class=\"image-16-9  no-pointer\"><img src=\"https:\/\/careers.tuigroup.com\/wp-content\/uploads\/2023\/03\/239874C8-9F83-4B76-8440-21AE10970B95-1.jpeg\" alt=\"\"\/><\/a><div class=\"centered-text fixed-padding-mobile\" style=\"padding:5%\">\n<h2 class=\"wp-block-heading has-dark-blue-color has-text-color\" id=\"h-getting-ready\">GETTING READY<\/h2>\n\n\n\n<p class=\"has-dark-blue-color has-text-color\">In the virtual platform, you will find different tiles such as\u00a0<strong>\u2018About the Job\u2019<\/strong>.\u00a0\u00a0By clicking on this tile, you will find important information about us as a Company, which will help you to prepare in advance.\u00a0\u00a0It is important that you read, watch, or where possible, download this content.<\/p>\n\n\n\n<p class=\"has-dark-blue-color has-text-color\">We also recommend you check the time of your interview carefully. Our system displays all timings as\u00a0<strong>London time<\/strong>, so check beforehand what that time is in your current time zone.<\/p>\n<\/div><\/div>\n\n\n\n<div style=\"width:100%;padding:1%;background-color:#fff;border:0px solid #fff;margin-top:1%;margin-bottom:1%\" class=\"wp-block-tcb-separator\"><\/div>\n\n\n\n<div class=\"wp-block-tcb-shifted-image-text columns-50-50\" style=\"background-color:#fff;margin:0 -5% 0 0\"><a class=\"image-16-9 force-second-col no-pointer\"><img src=\"https:\/\/careers.tuigroup.com\/wp-content\/uploads\/2023\/09\/Abigail-Brown-4.jpg\" alt=\"\"\/><\/a><div class=\"centered-text fixed-padding-mobile\" style=\"padding:5%\">\n<h2 class=\"wp-block-heading has-dark-blue-color has-text-color\" id=\"h-candidate-confirmation-tile\">&#8220;Candidate Confirmation Tile&#8221;<\/h2>\n\n\n\n<p class=\"has-dark-blue-color has-text-color\">The Candidate Confirmation tile is a mandatory field that we require you to fill out as accurately as possible. In this tile you will be asked to disclose the below: <\/p>\n\n\n\n<p class=\"has-dark-blue-color has-text-color\">1. For local residents in one of our destinations, please confirm you hold the correct right to work documents necessary for local regulations and visa purposes. <\/p>\n\n\n\n<p class=\"has-dark-blue-color has-text-color\">2. Willingness to learn and use Technology &amp; Systems <\/p>\n\n\n\n<p class=\"has-dark-blue-color has-text-color\">3. Declaration of Criminal Record for Visa purposes <\/p>\n<\/div><\/div>\n\n\n\n<div style=\"width:100%;padding:1%;background-color:#fff;border:0px solid #fff;margin-top:1%;margin-bottom:1%\" class=\"wp-block-tcb-separator\"><\/div>\n\n\n\n<div class=\"wp-block-tcb-shifted-image-text columns-50-50\" style=\"background-color:#fff;margin:0 0 0 -5%\"><a class=\"image-16-9  no-pointer\"><img src=\"https:\/\/careers.tuigroup.com\/wp-content\/uploads\/2023\/03\/MicrosoftTeams-image-2-1-scaled.jpg\" alt=\"Gruppe von TUI Kollegen in ihrer Uniform, die sich freuen Kundin einer Urlaubsdestination feiern\"\/><\/a><div class=\"centered-text fixed-padding-mobile\" style=\"padding:5%\">\n<h2 class=\"wp-block-heading has-dark-blue-color has-text-color\" id=\"h-on-the-day-of-the-virtual-interview\">ON THE DAY OF THE VIRTUAL INTERVIEW<\/h2>\n\n\n\n<p class=\"has-dark-blue-color has-text-color\">The \u201c<strong>Welcome Lounge\u201d<\/strong>&nbsp;will open 15 minutes before the assessment starts.&nbsp;&nbsp;Make sure to connect in time to check that all of your equipment is working as it should.&nbsp;&nbsp;<\/p>\n\n\n\n<p class=\"has-dark-blue-color has-text-color\">The assessment team will be there to welcome you and to give you some further explanations.&nbsp;You might also be able to meet other candidates who are there to be interviewed in their own virtual one-to-one room.<\/p>\n<\/div><\/div>\n\n\n\n<div style=\"width:100%;padding:1%;background-color:#fff;border:0px solid #fff;margin-top:1%;margin-bottom:1%\" class=\"wp-block-tcb-separator\"><\/div>\n\n\n\n<div class=\"wp-block-tcb-shifted-image-text columns-50-50\" style=\"background-color:#fff;margin:0 -5% 0 0\"><a class=\"image-16-9 force-second-col no-pointer\"><img src=\"https:\/\/careers.tuigroup.com\/wp-content\/uploads\/2023\/03\/Frida-Lindstrom.jpg\" alt=\"TUI Reiseleiter, Arm in Arm am Strand, winken einem Flugzeug zu, welches \u00fcber sie hinweg fliegt\"\/><\/a><div class=\"centered-text fixed-padding-mobile\" style=\"padding:5%\">\n<h2 class=\"wp-block-heading has-dark-blue-color has-text-color\" id=\"h-on-the-day-of-the-virtual-interview-1\">ON THE DAY OF THE VIRTUAL INTERVIEW<\/h2>\n\n\n\n<p class=\"has-dark-blue-color has-text-color\">The \u201c<strong>Welcome Lounge\u201d<\/strong>&nbsp;will open 15 minutes before the assessment starts.&nbsp;&nbsp;Make sure to connect in time to check that all of your equipment is working as it should.&nbsp;&nbsp;<\/p>\n\n\n\n<p class=\"has-dark-blue-color has-text-color\">The assessment team will be there to welcome you and to give you some further explanations.&nbsp;You might also be able to meet other candidates who are there to be interviewed in their own virtual one-to-one room.<\/p>\n<\/div><\/div>\n\n\n\n<div style=\"width:100%;padding:1%;background-color:#fff;border:0px solid #fff;margin-top:1%;margin-bottom:1%\" class=\"wp-block-tcb-separator\"><\/div>\n\n\n\n<div class=\"wp-block-tcb-shifted-image-text columns-50-50\" style=\"background-color:#fff;margin:0 0 0 -5%\"><a class=\"image-16-9  no-pointer\"><img src=\"https:\/\/careers.tuigroup.com\/wp-content\/uploads\/2023\/03\/TUI-Contact-Center-1.png\" alt=\"TUI Contact Center Agent l\u00e4chelt im B\u00fcro seinem Computer zu und tr\u00e4gt ein Headset\"\/><\/a><div class=\"centered-text fixed-padding-mobile\" style=\"padding:5%\">\n<h2 class=\"wp-block-heading has-dark-blue-color has-text-color\" id=\"h-need-any-help-or-support\">NEED ANY HELP OR SUPPORT?&nbsp;<\/h2>\n\n\n\n<p class=\"has-dark-blue-color has-text-color\">In the \u201c<strong>Help &amp; Support\u201d<\/strong>\u202fsection, you will find useful hints &amp; tips for technical self-service as well as the details of the technical support team.\u202f\u202fIn case you need to talk to us, you will find our contact details there as well.&nbsp;<\/p>\n<\/div><\/div>\n\n\n\n<div style=\"width:100%;padding:1%;background-color:#fff;border:0px solid #fff;margin-top:1%;margin-bottom:1%\" class=\"wp-block-tcb-separator\"><\/div>\n\n\n\n<div class=\"wp-block-tcb-shifted-image-text columns-50-50\" style=\"background-color:#fff;margin:0 -5% 0 0\"><a class=\"image-16-9 force-second-col no-pointer\"><img src=\"https:\/\/careers.tuigroup.com\/wp-content\/uploads\/2023\/03\/@aguycalledsaul-1.jpg\" alt=\"3 Fitness Instrukteure posieren in TUI BLUE Uniform vor einem Pool\"\/><\/a><div class=\"centered-text fixed-padding-mobile\" style=\"padding:5%\">\n<h2 class=\"wp-block-heading has-dark-blue-color has-text-color\" id=\"h-hints-tips\">HINTS &amp; TIPS<\/h2>\n\n\n\n<ul class=\"has-dark-blue-color has-text-color\">\n<li>Make sure you are in a comfortable and undisturbed environment&nbsp;<\/li>\n\n\n\n<li>You will have the best experience when you join via a tablet, laptop, or desktop computer with suitable headphones&nbsp;<\/li>\n\n\n\n<li>Most of all we want you to have fun and show us who you are.\u202f\u202fWe are very excited to meet you.\u202f&nbsp;<\/li>\n<\/ul>\n\n\n\n<p class=\"has-dark-blue-color has-text-color\">SEE YOU SOON!&nbsp;<\/p>\n<\/div><\/div>\n\n\n\n<div style=\"width:100%;padding:2%;background-color:#fff;border:0px solid #fff;margin-top:2%;margin-bottom:2%\" class=\"wp-block-tcb-separator\"><\/div>\n","protected":false},"excerpt":{"rendered":"","protected":false},"author":1,"featured_media":0,"parent":0,"menu_order":0,"comment_status":"closed","ping_status":"closed","template":"","meta":[],"_links":{"self":[{"href":"https:\/\/demo-1.carlashub.com\/index.php\/wp-json\/wp\/v2\/pages\/392199"}],"collection":[{"href":"https:\/\/demo-1.carlashub.com\/index.php\/wp-json\/wp\/v2\/pages"}],"about":[{"href":"https:\/\/demo-1.carlashub.com\/index.php\/wp-json\/wp\/v2\/types\/page"}],"author":[{"embeddable":true,"href":"https:\/\/demo-1.carlashub.com\/index.php\/wp-json\/wp\/v2\/users\/1"}],"replies":[{"embeddable":true,"href":"https:\/\/demo-1.carlashub.com\/index.php\/wp-json\/wp\/v2\/comments?post=392199"}],"version-history":[{"count":0,"href":"https:\/\/demo-1.carlashub.com\/index.php\/wp-json\/wp\/v2\/pages\/392199\/revisions"}],"wp:attachment":[{"href":"https:\/\/demo-1.carlashub.com\/index.php\/wp-json\/wp\/v2\/media?parent=392199"}],"curies":[{"name":"wp","href":"https:\/\/api.w.org\/{rel}","templated":true}]}}