{"id":347027,"date":"2020-11-25T10:45:23","date_gmt":"2020-11-25T10:45:23","guid":{"rendered":"https:\/\/careers.tuigroup.com\/?page_id=347027"},"modified":"2020-11-25T10:45:23","modified_gmt":"2020-11-25T10:45:23","slug":"wie-wir-einstellen","status":"publish","type":"page","link":"https:\/\/demo-1.carlashub.com\/index.php\/jobs-im-ausland\/wie-wir-einstellen\/","title":{"rendered":"Wie wir einstellen"},"content":{"rendered":"\n\n\n<div id=\"hero-slider-1\" class=\"wp-block-tcb-hero-slider hero-slider carousel slide full-width\" data-bs-ride=\"carousel\" data-bs-interval=\"false\"><ul class=\"carousel-indicators\"><li data-bs-target=\"#hero-slider-1\" data-bs-slide-to=\"0\" class=\"active\" aria-current=\"true\" aria-label=\"Slide hero-slider-1\"><\/li><li data-bs-target=\"#hero-slider-1\" data-bs-slide-to=\"1\" class=\"\" aria-current=\"\" aria-label=\"Slide hero-slider-1\"><\/li><\/ul><svg><clipPath id=\"desktop-2560-hero-svg\" clippathunits=\"objectBoundingBox\"><path d=\"M0.031,0 L0.969,0 C0.986,0,1,0.024,1,0.053 L1,0.887 L1,0.887 C0.92,0.955,0.659,1,0.5,1 C0.341,1,0.08,0.955,0,0.887 L0,0.053 C0,0.024,0.014,0,0.031,0\"><\/path><\/clipPath><clipPath id=\"desktop-1920-hero-svg\" clippathunits=\"objectBoundingBox\"><path d=\"M80,0l1760,0c44.183,0,80,35.817,80,80l0,921.026l0,0c-153.475,76.391,-655.659,126.974,-960,126.974c-304.341,0,-806.525,-50.583,-960,-126.975l0,-921.025c0,-44.183,35.817,-80,80,-80z\"><\/path><\/clipPath><clipPath id=\"desktop-big-hero-svg\" clippathunits=\"objectBoundingBox\"><path d=\"M0.056,0 h0.889 c0.031,0,0.056,0.042,0.056,0.095 v0.793 C0.92,0.955,0.659,1,0.5,1 c-0.159,0,-0.42,-0.045,-0.5,-0.113 V0.095 c0,-0.052,0.025,-0.095,0.056,-0.095\"><\/path><\/clipPath><clipPath id=\"desktop-hero-svg\" clippathunits=\"objectBoundingBox\"><path d=\"M0.074,0 h0.854 c0.04,0,0.072,0.042,0.072,0.093 V0.887 C0.894,0.955,0.71,1,0.5,1 c-0.21,0,-0.394,-0.045,-0.5,-0.113 V0.095 c0,-0.052,0.033,-0.095,0.074,-0.095\"><\/path><\/clipPath><clipPath id=\"mobile-hero-svg\" clippathunits=\"objectBoundingBox\"><path d=\"M0.085,0 H0.915 C0.962,0,1,0.024,1,0.055 V0.949 C0.888,0.983,0.721,1,0.5,1 S0.112,0.983,0,0.949 V0.055 C0,0.024,0.038,0,0.085,0\"><\/path><\/clipPath><\/svg><div class=\"carousel-inner\"><div class=\"carousel-item active \"><div class=\"hero-slide\"><span class=\"hero-index\" style=\"display:none\">0<\/span><div class=\"image-1920-470 hero-img\" style=\"background-image: url(https:\/\/careers.tuigroup.com\/wp-content\/uploads\/2019\/11\/Placeholder-Meet-Rep-1.jpg)\" data-image=\"https:\/\/careers.tuigroup.com\/wp-content\/uploads\/2019\/11\/Placeholder-Meet-Rep-1.jpg\"><\/div><div class=\"image-1920-470 hero-mobile-image\" role=\"img\" style=\"background-image: url(https:\/\/careers.tuigroup.com\/wp-content\/uploads\/2019\/10\/dx-hero-lp.jpg)\" data-mobileimage=\"https:\/\/careers.tuigroup.com\/wp-content\/uploads\/2019\/10\/dx-hero-lp.jpg\"><\/div><div class=\"hero-overlay-wrapper\"><a class=\"overlay-link \" href=\"https:\/\/careers.tuigroup.com\/de\/jobs-2?department=6\" data-overlay=\"true\"><div class=\"hero-overlay\"><h1 class=\"hero-slider-headline hero-text\">WIE WIR EINSTELLEN<\/h1><span class=\"hero-slider-text hero-text\">Arbeite in \u00fcber 100 Destinationen weltweit oder lokal<\/span><button class=\"hero-overlay-button no-pointer\" data-button=\"true\">Alle Jobs im Ausland ansehen<\/button><\/div><\/a><\/div><\/div><\/div><div class=\"carousel-item  \"><div class=\"hero-slide\"><span class=\"hero-index\" style=\"display:none\">1<\/span><div class=\"image-1920-470 hero-img\" style=\"background-image: url(https:\/\/careers.tuigroup.com\/wp-content\/uploads\/2021\/01\/190626_Tui_Bulgaria_SH09_142-scaled-1-e1679322377625.jpg)\" data-image=\"https:\/\/careers.tuigroup.com\/wp-content\/uploads\/2021\/01\/190626_Tui_Bulgaria_SH09_142-scaled-1-e1679322377625.jpg\"><\/div><div class=\"image-1920-470 hero-mobile-image\" role=\"img\" aria-label=\"Kinderanimateur sitzt in Uniform zusammen mit Kindern auf Sitzkissen und lacht\" style=\"background-image: url(https:\/\/careers.tuigroup.com\/wp-content\/uploads\/2021\/01\/190626_Tui_Bulgaria_SH09_142-scaled-1-e1679322377625.jpg)\" data-mobileimage=\"https:\/\/careers.tuigroup.com\/wp-content\/uploads\/2021\/01\/190626_Tui_Bulgaria_SH09_142-scaled-1-e1679322377625.jpg\"><\/div><div class=\"hero-overlay-wrapper\"><\/div><\/div><\/div><\/div><\/div>\n\n\n\n<div style=\"width:100%;padding:2px;background-color:#fff;border:0px solid #fff;margin-top:2%;margin-bottom:2%\" class=\"wp-block-tcb-separator\"><\/div>\n\n\n\n<div class=\"wp-block-tcb-colored-container\" style=\"background:linear-gradient(180deg, #e2f6fd 100%, #fff 100%);padding:4%\"><div class=\"content-wrapper\">\n<div class=\"wp-block-tcb-shifted-image-text columns-50-50\" style=\"background-color:rgba(255, 255, 255, 0);margin:0 -8% 0 0\"><a href=\"\" class=\"image-16-9 force-second-col no-pointer\"><img src=\"https:\/\/careers.tuigroup.com\/wp-content\/uploads\/2019\/12\/Anni.jpg\" alt=\"\"\/><\/a><div class=\"centered-text fixed-padding-mobile\" style=\"padding:7%\">\n<h2 class=\"wp-block-heading\" id=\"h-jobs-im-ausland\">Jobs im Ausland<\/h2>\n\n\n\n<p>Ich bin aus Finnland und wollte f\u00fcr TUI gerne im Ausland arbeiten.<\/p>\n\n\n\n<p>\u00dcber die TUI Careers Website habe ich mich auf eine Stelle mit flexiblem Vertrag beworben, weil ich nach jeder Saison im Ausland gerne in ein anderes Urlaubsgebiet reisen wollte.<br>Letzten Sommer habe ich in der T\u00fcrkei gearbeitet und dort auch eine Unterkunft gestellt bekommen, da ich flexibel einsetzbar bin. Im Winter bin ich dann nach Frankreich gezogen und habe f\u00fcr TUI in einem Skigebiet gearbeitet.<\/p>\n\n\n\n<p><strong>Top Tipp von mir:<\/strong><br>Wenn Du auch gerne im Ausland arbeiten und reisen willst, dann halte Ausschau nach flexiblen Jobangeboten.<\/p>\n<\/div><\/div>\n\n\n\n<p><\/p>\n<\/div><\/div>\n\n\n\n<div style=\"width:100%;padding:2px;background-color:#fff;border:0px solid #fff;margin-top:2%;margin-bottom:2%\" class=\"wp-block-tcb-separator\"><\/div>\n\n\n\n<div class=\"wp-block-tcb-colored-container\" style=\"background:linear-gradient(180deg, #c7eafb 100%, #fff 100%);padding:4%\"><div class=\"content-wrapper\">\n<div class=\"wp-block-tcb-shifted-image-text columns-50-50\" style=\"background-color:rgba(255, 255, 255, 0);margin:0 0 0 -8%\"><a href=\"\" class=\"image-16-9  no-pointer\"><img src=\"https:\/\/careers.tuigroup.com\/wp-content\/uploads\/2019\/12\/Maria.jpg\" alt=\"\"\/><\/a><div class=\"centered-text fixed-padding-mobile\" style=\"padding:7%\">\n<h2 class=\"wp-block-heading\" id=\"h-jobs-in-deinem-heimatland\">Jobs in deinem heimatland<\/h2>\n\n\n\n<p>Ich bin aus Kefalonia in Griechenland und wollte einen Job auf meiner Heimatinsel finden.<\/p>\n\n\n\n<p>Hier lebe ich mit meiner Familie, weshalb ich mich urspr\u00fcnglich f\u00fcr einen lokalen Reiseleiter-Job in Griechenland mit lokalem Vertrag beworben habe. Ich habe bereits alle Papiere f\u00fcr einen lokalen griechischen Vertrag zusammen und meine eigene Unterkunft. Im Winter nehme ich mir hier in Griechenland eine Auszeit mit meiner Familie und fange dann zur neuen Saison wieder an zu arbeiten.<\/p>\n\n\n\n<p><strong>Top Tipp von mir:<\/strong><br>Wenn Du gerne in einem bestimmten Urlaubsgebiet arbeiten m\u00f6chtest, dann halte Ausschau nach Jobs im Ausland mit konkreter Ortsangabe und einem lokalen Vertrag.<\/p>\n<\/div><\/div>\n\n\n\n<p><\/p>\n<\/div><\/div>\n\n\n\n<div style=\"width:100%;padding:2px;background-color:#fff;border:0px solid #fff;margin-top:2%;margin-bottom:2%\" class=\"wp-block-tcb-separator\"><\/div>\n\n\n\n<h2 class=\"wp-block-heading\" id=\"h-entdecke-unsere-weltweiten-jobangebote\">Entdecke unsere weltweiten Jobangebote<\/h2>\n\n\n\n\n\n<div style=\"width:100%;padding:2px;background-color:#fff;border:0px solid #fff;margin-top:2%;margin-bottom:2%\" class=\"wp-block-tcb-separator\"><\/div>\n","protected":false},"excerpt":{"rendered":"<p>Entdecke unsere weltweiten Jobangebote<\/p>\n","protected":false},"author":1,"featured_media":0,"parent":252635,"menu_order":0,"comment_status":"closed","ping_status":"closed","template":"","meta":[],"_links":{"self":[{"href":"https:\/\/demo-1.carlashub.com\/index.php\/wp-json\/wp\/v2\/pages\/347027"}],"collection":[{"href":"https:\/\/demo-1.carlashub.com\/index.php\/wp-json\/wp\/v2\/pages"}],"about":[{"href":"https:\/\/demo-1.carlashub.com\/index.php\/wp-json\/wp\/v2\/types\/page"}],"author":[{"embeddable":true,"href":"https:\/\/demo-1.carlashub.com\/index.php\/wp-json\/wp\/v2\/users\/1"}],"replies":[{"embeddable":true,"href":"https:\/\/demo-1.carlashub.com\/index.php\/wp-json\/wp\/v2\/comments?post=347027"}],"version-history":[{"count":0,"href":"https:\/\/demo-1.carlashub.com\/index.php\/wp-json\/wp\/v2\/pages\/347027\/revisions"}],"up":[{"embeddable":true,"href":"https:\/\/demo-1.carlashub.com\/index.php\/wp-json\/wp\/v2\/pages\/252635"}],"wp:attachment":[{"href":"https:\/\/demo-1.carlashub.com\/index.php\/wp-json\/wp\/v2\/media?parent=347027"}],"curies":[{"name":"wp","href":"https:\/\/api.w.org\/{rel}","templated":true}]}}