{"id":255513,"date":"2020-01-13T14:47:52","date_gmt":"2020-01-13T14:47:52","guid":{"rendered":"https:\/\/careers.tuigroup.com\/?page_id=255513"},"modified":"2020-01-13T14:47:52","modified_gmt":"2020-01-13T14:47:52","slug":"sweden","status":"publish","type":"page","link":"https:\/\/demo-1.carlashub.com\/index.php\/locations\/sweden\/","title":{"rendered":"Sweden"},"content":{"rendered":"\n<div class=\"wp-block-tcb-hero-image hero-image-container full-width\"><svg><clipPath id=\"desktop-2560-hero-svg\" clipPathUnits=\"objectBoundingBox\"><path d=\"M0.031,0 L0.969,0 C0.986,0,1,0.024,1,0.053 L1,0.887 L1,0.887 C0.92,0.955,0.659,1,0.5,1 C0.341,1,0.08,0.955,0,0.887 L0,0.053 C0,0.024,0.014,0,0.031,0\"><\/path><\/clipPath><clipPath id=\"desktop-1920-hero-svg\" clipPathUnits=\"objectBoundingBox\"><path d=\"M80,0l1760,0c44.183,0,80,35.817,80,80l0,921.026l0,0c-153.475,76.391,-655.659,126.974,-960,126.974c-304.341,0,-806.525,-50.583,-960,-126.975l0,-921.025c0,-44.183,35.817,-80,80,-80z\"><\/path><\/clipPath><clipPath id=\"desktop-big-hero-svg\" clipPathUnits=\"objectBoundingBox\"><path d=\"M0.056,0 h0.889 c0.031,0,0.056,0.042,0.056,0.095 v0.793 C0.92,0.955,0.659,1,0.5,1 c-0.159,0,-0.42,-0.045,-0.5,-0.113 V0.095 c0,-0.052,0.025,-0.095,0.056,-0.095\"><\/path><\/clipPath><clipPath id=\"desktop-hero-svg\" clipPathUnits=\"objectBoundingBox\"><path d=\"M0.074,0 h0.854 c0.04,0,0.072,0.042,0.072,0.093 V0.887 C0.894,0.955,0.71,1,0.5,1 c-0.21,0,-0.394,-0.045,-0.5,-0.113 V0.095 c0,-0.052,0.033,-0.095,0.074,-0.095\"><\/path><\/clipPath><clipPath id=\"mobile-hero-svg\" clipPathUnits=\"objectBoundingBox\"><path d=\"M0.085,0 H0.915 C0.962,0,1,0.024,1,0.055 V0.949 C0.888,0.983,0.721,1,0.5,1 S0.112,0.983,0,0.949 V0.055 C0,0.024,0.038,0,0.085,0\"><\/path><\/clipPath><\/svg><div class=\"image-1920-470 hero-img\" aria-label=\"\" style=\"background-image: url(https:\/\/careers.tuigroup.com\/wp-content\/uploads\/2019\/11\/TUI_locations_Schweden_800x450px.jpg)\" data-image=\"https:\/\/careers.tuigroup.com\/wp-content\/uploads\/2019\/11\/TUI_locations_Schweden_800x450px.jpg\"><\/div><div class=\"image-1920-470 hero-mobile-image\" aria-label=\"\" style=\"background-image: url(https:\/\/careers.tuigroup.com\/wp-content\/uploads\/2019\/11\/TUI_locations_Schweden_800x450px.jpg)\" data-mobileimage=\"https:\/\/careers.tuigroup.com\/wp-content\/uploads\/2019\/11\/TUI_locations_Schweden_800x450px.jpg\"><\/div><div class=\"hero-overlay-wrapper\"><a class=\"no-pointer\" target=\"_self\" rel=\"noopener noreferrer\"><div class=\"hero-overlay\"><h1 class=\"hero-image-headline hero-text\" style=\"color:#fff\">Sweden<\/h1><span class=\"hero-image-text hero-text\" style=\"color:#fff\"><\/span><\/div><\/a><\/div><\/div>\n\n\n\n<div style=\"width:100%;padding:2px;background-color:#fff;border:0px solid #fff;margin-top:2%;margin-bottom:2%\" class=\"wp-block-tcb-separator\"><\/div>\n\n\n\n<a class=\"wp-block-tcb-link arrowlink\" href=\"https:\/\/careers.tuigroup.com\/locations\"><i class=\"fas fa-chevron-left\"><\/i><p class=\"arrowlink\">Back to Locations<\/p><\/a>\n\n\n\n<ul class=\"wp-block-tcb-anchor-menu anchor-menu\">\n<li class=\"wp-block-tcb-anchor-menu-item anchor-point\"><a href=\"#facts\"><span class=\"anchor-name\">Facts about the country<\/span><\/a><\/li>\n\n\n\n<li class=\"wp-block-tcb-anchor-menu-item anchor-point\"><a href=\"#languages\"><span class=\"anchor-name\">Language(s)<\/span><\/a><\/li>\n\n\n\n<li class=\"wp-block-tcb-anchor-menu-item anchor-point\"><a href=\"#offices\"><span class=\"anchor-name\">Office(s)<\/span><\/a><\/li>\n<\/ul>\n\n\n\n<div style=\"width:100%;padding:2px;background-color:#fff;border:0px solid #fff;margin-top:2%;margin-bottom:2%\" class=\"wp-block-tcb-separator\"><\/div>\n\n\n\n<div class=\"wp-block-tcb-colored-container is-style-default\" style=\"background:linear-gradient(180deg, #f3f0ec 100%, #fff 100%);padding:4%\"><div class=\"content-wrapper\">\n<h2 class=\"wp-block-heading\" id=\"facts\">Facts about the country<\/h2>\n\n\n\n<p>Sweden formal name Sverige: the Kingdom of Sweden is a Scandinavian Nordic country in Northern Europe. It borders Norway to the west and north and Finland to the east, and is connected to Denmark in the southwest by a bridge-tunnel across the \u00d6resund, a strait at the Swedish-Danish border. At 450,295 square kilometres (173,860 sq mi), Sweden is the largest country in Northern Europe, the third-largest country in the European Union and the fifth largest country in Europe by area. Sweden has a total population of 10.2 million of which 2.5 million have a foreign background. It has a low population density of 22 inhabitants per square kilometre (57\/sq mi). The highest concentration is in the southern half of the country. <\/p>\n\n\n\n<p>ABBA and Ikea\u202f\u2013 ask most people about Sweden and those are the first things that they will think of. Dig a little deeper though, and there is so much more to this Scandinavian giant. Stockholm is a cool, urban capital offering culture, entertainment and a range of architecture, making it a great place to work. <\/p>\n\n\n\n<p>Sweden is valued for its stability, its economic outlook, and its excellent infrastructure. The lifestyle in Sweden is generally pleasant, well ordered, and safe. There is a rich cultural life, an excellent health-care system, and all the amenities necessary for comfortable living. <\/p>\n\n\n\n<p>Swedish workers enjoy one of the world\u2019s highest standards of living with lengthy vacations, and an abundance of leisure and family time. <\/p>\n\n\n\n<p>Sweden has four seasons where the temperatures can variate from\u202f+25C down to -20C\u202fdepending on where in the country you are. In Stockholm where the office is located the temperature in winters gets down to approx. -14C. <\/p>\n\n\n\n<p>Swedes usually eat a proper meal both for lunch and dinner. They\u2019re also known for their \u201dfika\u201d traditions. Fika is equal to a coffee break that&#8217;s more about socialising than drinking coffee. And something sweet is also welcome. Swedes love fika and it\u2019s common to have Friday fika or afternoon fika at work.<\/p>\n<\/div><\/div>\n\n\n\n<div style=\"width:100%;padding:2px;background-color:#fff;border:0px solid #fff;margin-top:2%;margin-bottom:2%\" class=\"wp-block-tcb-separator\"><\/div>\n\n\n\n<div class=\"wp-block-tcb-colored-container is-style-default\" style=\"background:linear-gradient(180deg, #e2f3fe 100%, #fff 100%);padding:4%\"><div class=\"content-wrapper\">\n<div id=\"image-slider-1\" class=\"wp-block-tcb-image-slider carousel slide image-slider width-75\" data-bs-ride=\"carousel\" data-bs-interval=\"5000\"><ul class=\"carousel-indicators\"><li data-bs-target=\"#image-slider-1\" data-bs-slide-to=\"0\" class=\"active\" aria-current=\"true\" aria-label=\"Slide image-slider-1\"><\/li><li data-bs-target=\"#image-slider-1\" data-bs-slide-to=\"1\" class=\"\" aria-current=\"\" aria-label=\"Slide image-slider-1\"><\/li><li data-bs-target=\"#image-slider-1\" data-bs-slide-to=\"2\" class=\"\" aria-current=\"\" aria-label=\"Slide image-slider-1\"><\/li><li data-bs-target=\"#image-slider-1\" data-bs-slide-to=\"3\" class=\"\" aria-current=\"\" aria-label=\"Slide image-slider-1\"><\/li><li data-bs-target=\"#image-slider-1\" data-bs-slide-to=\"4\" class=\"\" aria-current=\"\" aria-label=\"Slide image-slider-1\"><\/li><li data-bs-target=\"#image-slider-1\" data-bs-slide-to=\"5\" class=\"\" aria-current=\"\" aria-label=\"Slide image-slider-1\"><\/li><li data-bs-target=\"#image-slider-1\" data-bs-slide-to=\"6\" class=\"\" aria-current=\"\" aria-label=\"Slide image-slider-1\"><\/li><li data-bs-target=\"#image-slider-1\" data-bs-slide-to=\"7\" class=\"\" aria-current=\"\" aria-label=\"Slide image-slider-1\"><\/li><li data-bs-target=\"#image-slider-1\" data-bs-slide-to=\"8\" class=\"\" aria-current=\"\" aria-label=\"Slide image-slider-1\"><\/li><\/ul><div class=\"carousel-inner\"><div class=\"carousel-item active\"><div class=\"image-slide image-16-9\"><span class=\"image-index hidden\">0<\/span><img src=\"https:\/\/careers.tuigroup.com\/wp-content\/uploads\/2020\/01\/sweden-8.jpeg\"\/><\/div><\/div><div class=\"carousel-item \"><div class=\"image-slide image-16-9\"><span class=\"image-index hidden\">1<\/span><img src=\"https:\/\/careers.tuigroup.com\/wp-content\/uploads\/2020\/01\/sweden-12.jpeg\"\/><\/div><\/div><div class=\"carousel-item \"><div class=\"image-slide image-16-9\"><span class=\"image-index hidden\">2<\/span><img src=\"https:\/\/careers.tuigroup.com\/wp-content\/uploads\/2020\/01\/sweden-11.jpeg\"\/><\/div><\/div><div class=\"carousel-item \"><div class=\"image-slide image-16-9\"><span class=\"image-index hidden\">3<\/span><img src=\"https:\/\/careers.tuigroup.com\/wp-content\/uploads\/2020\/01\/sweden-7.jpeg\"\/><\/div><\/div><div class=\"carousel-item \"><div class=\"image-slide image-16-9\"><span class=\"image-index hidden\">4<\/span><img src=\"https:\/\/careers.tuigroup.com\/wp-content\/uploads\/2020\/01\/sweden-6.jpeg\"\/><\/div><\/div><div class=\"carousel-item \"><div class=\"image-slide image-16-9\"><span class=\"image-index hidden\">5<\/span><img src=\"https:\/\/careers.tuigroup.com\/wp-content\/uploads\/2020\/01\/sweden-4.jpeg\"\/><\/div><\/div><div class=\"carousel-item \"><div class=\"image-slide image-16-9\"><span class=\"image-index hidden\">6<\/span><img src=\"https:\/\/careers.tuigroup.com\/wp-content\/uploads\/2020\/01\/sweden-2.jpeg\"\/><\/div><\/div><div class=\"carousel-item \"><div class=\"image-slide image-16-9\"><span class=\"image-index hidden\">7<\/span><img src=\"https:\/\/careers.tuigroup.com\/wp-content\/uploads\/2020\/01\/sweden-9.jpeg\"\/><\/div><\/div><div class=\"carousel-item \"><div class=\"image-slide image-16-9\"><span class=\"image-index hidden\">8<\/span><img src=\"https:\/\/careers.tuigroup.com\/wp-content\/uploads\/2019\/11\/TUI_locations_Schweden_800x450px1.jpg\"\/><\/div><\/div><\/div><button class=\"carousel-control-prev\" type=\"button\" data-bs-target=\"#image-slider-1\" data-bs-slide=\"prev\"><span class=\"carousel-control-prev-icon\"><\/span><\/button><button class=\"carousel-control-next\" type=\"button\" data-bs-target=\"#image-slider-1\" data-bs-slide=\"next\"><span class=\"carousel-control-next-icon\"><\/span><\/button><\/div>\n<\/div><\/div>\n\n\n\n<div style=\"width:100%;padding:2px;background-color:#fff;border:0px solid #fff;margin-top:2%;margin-bottom:2%\" class=\"wp-block-tcb-separator\"><\/div>\n\n\n\n<div class=\"wp-block-tcb-colored-container is-style-default\" style=\"background:linear-gradient(180deg, #e7e3db 100%, #fff 100%);padding:4%\"><div class=\"content-wrapper\">\n<h2 class=\"wp-block-heading\" id=\"languages\">LANGUAGE(S) SPOKEN<\/h2>\n\n\n\n<p>Swedish. Many people find it hard to learn and practice Swedish, not necessarily because of the language itself, but the fact that most swedes speak English fluently.<\/p>\n<\/div><\/div>\n\n\n\n<div style=\"width:100%;padding:2px;background-color:#fff;border:0px solid #fff;margin-top:2%;margin-bottom:2%\" class=\"wp-block-tcb-separator\"><\/div>\n\n\n\n<h2 class=\"wp-block-heading\" id=\"offices\">Office(s)<\/h2>\n\n\n\n<div id=\"office-slider-2\" class=\"wp-block-tcb-office-slider carousel slide office-slider\" style=\"background-color:#c2e6fa;padding:5% 10%\" data-bs-ride=\"carousel\" data-bs-interval=\"false\"><div class=\"carousel-inner\"><div class=\"carousel-item active \"><div class=\"office-slide columns-50-50\"><span class=\"office-index\" style=\"display:none\">0<\/span><div class=\"image-16-9 \"><img src=\"https:\/\/careers.tuigroup.com\/wp-content\/uploads\/2020\/01\/sweden-1.jpeg\"\/><\/div><div class=\"os-text-container centered-text\"><h2 class=\"os-headline\">Stockholm<\/h2><p class=\"os-text\">TUI Nordic<\/p><div class=\"os-icon-text\"><i class=\"fas fa-map-marker-alt\"><\/i><p class=\"os-address\">M\u00fcnchenbryggeriet S\u00f6derm\u00e4larstrand 27<br\/>S-117 85 Stockholm<br\/>Sweden<\/p><\/div><div class=\"os-icon-text\"><a class=\"os-link\" href=\"https:\/\/jobs.tuinordic.com\/\"><i class=\"fas fa-globe\"><\/i><p class=\"os-link\">Careers Website Sweden<\/p><\/a><\/div><\/div><\/div><\/div><\/div><button class=\"carousel-control-prev\" type=\"button\" data-bs-target=\"#office-slider-2\" data-bs-slide=\"prev\"><span class=\"carousel-control-prev-icon\"><\/span><\/button><button class=\"carousel-control-next\" type=\"button\" data-bs-target=\"#office-slider-2\" data-bs-slide=\"next\"><span class=\"carousel-control-next-icon\"><\/span><\/button><\/div>\n\n\n\n<div style=\"width:100%;padding:2px;background-color:#fff;border:0px solid #fff;margin-top:2%;margin-bottom:2%\" class=\"wp-block-tcb-separator\"><\/div>\n\n\n\n<h3 class=\"wp-block-heading\">Stockholm (TUI Nordic)<\/h3>\n\n\n\n<p>The office is located on S\u00f6dermalm, a part of Stockholm\u2019s inner city. It\u2019s only 3 stops by subway from central station and most people arrive to work by public transport. There are parking spots for rent just outside the building.<\/p>\n\n\n\n<p>Your manager will take care of you and introduce you to your team. You\u2019ll also access an online introduction programme through Benify.<\/p>\n\n\n\n<p>All contracts are signed online, either through mobile ID, text or signature. When HR and your manager have signed you\u2019ll get a link on your email. <\/p>\n\n\n\n<h3 class=\"wp-block-heading\">Facilities in and around the office:<\/h3>\n\n\n\n<ul>\n<li>Reception opening hours: 08.00 \u2013 17.00 hours <\/li>\n\n\n\n<li>A la carte Lunch restaurant and coffee shop in the building from 10.00 \u2013 14.00 hours. <\/li>\n\n\n\n<li>Visitors parking by the building. Parking permission in the reception. <\/li>\n\n\n\n<li>The office is located in Stockholm city centre with lunch restaurants, shops, super markets and hotels near by. <\/li>\n<\/ul>\n\n\n\n<p>We do not have any agreements with local hotels. Here are some hotels in different price ranges. Most of them with walking distance to the Head Office: <\/p>\n\n\n\n<ul>\n<li>The Red Boat. http:\/\/www.theredboat.com\/ <\/li>\n\n\n\n<li class=\"smaller-links\">Langholmen Hotel: http:\/\/www.langholmen.com\/En\/Hotel\/AboutHotel.aspx <\/li>\n\n\n\n<li class=\"smaller-links\">Hilton Slussen: http:\/\/hiltonnordics.com\/eng\/Hilton_Stockholm_Slussen_Hotel\/STOSLHI <\/li>\n\n\n\n<li>Clarion: http:\/\/www.clarionstockholm.com\/hotell <\/li>\n<\/ul>\n\n\n\n<h3 class=\"wp-block-heading\">Route description by train:<\/h3>\n\n\n\n<ul>\n<li>By subway from Stockholm City: Take the red subway line south to Mariatorget Station. Use the Torkel Knutssongatan exit.<\/li>\n\n\n\n<li>Outside: take right and cross the big street Hornsgatan, keep on walking straight ahead (you see the clock tower of the City Hall in front of you).<\/li>\n\n\n\n<li>You find our red brick office building \u2018The Munich Brewery\u2019 nearly at the bottom of the hill. Walk through the open doorway into the big parking place and find our Main Entrance to the right. <\/li>\n<\/ul>\n\n\n\n<h3 class=\"wp-block-heading\">Directions from Airport: <\/h3>\n\n\n\n<ul>\n<li>Arlanda Xpress airport train to Stockholm Central Station, 20 minutes. Then Taxi from there, 10 minutes. Use the \u2018Taxi Stockholm\u2019 company. <\/li>\n<\/ul>\n\n\n\n<h3 class=\"wp-block-heading\">Food &amp; drinks<\/h3>\n\n\n\n<ul>\n<li>Most people eat lunch at the office\u2019s lunch area. <\/li>\n<\/ul>\n\n\n\n<h3 class=\"wp-block-heading\">Working hours<\/h3>\n\n\n\n<ul>\n<li>Normal working hours are 8.00-17.00 Monday-Thursday and Fridays 8.00-16.00.  <\/li>\n<\/ul>\n\n\n\n<h3 class=\"wp-block-heading\">Amount of employees<\/h3>\n\n\n\n<ul>\n<li>Around 350 people work here every day. <\/li>\n<\/ul>\n\n\n\n<h3 class=\"wp-block-heading\">Type of offices<\/h3>\n\n\n\n<ul>\n<li>When you turn 30, 40, 50 and 60 the office usually orders a cake. If you bring a cake on your birthday you\u2019ll probably be appreciated by your team. <\/li>\n\n\n\n<li>It\u2019s common to travel for up to an hour to get to work, as many don&#8217;t live centrally. <\/li>\n\n\n\n<li>The office is open plan and activity based which means free seating.  <\/li>\n\n\n\n<li>Family Friday &#8211; an event where employees bring their families to work. An afternoon full of sweets, ice cream, playtime, face painting, games and competitions. <\/li>\n\n\n\n<li>TUI Runners day \u2013 run or walk 3, 5 or 7k. The running will follow by an AfterRun with food, drinks and of course a DJ.  <\/li>\n\n\n\n<li>TUI Breakfast \u2013 once a month, the company buys breakfast for all employees and a good opportunity for all employees to mingle and socialise over department boundaries. <\/li>\n\n\n\n<li>Christmas party and\/or summer party (not every year) <\/li>\n<\/ul>\n\n\n\n<h3 class=\"wp-block-heading\">Dresscode <\/h3>\n\n\n\n<ul>\n<li>There&#8217;s no specific dress code \u2013 business casual. <\/li>\n<\/ul>\n\n\n\n<h3 class=\"wp-block-heading\">Employee benefits <\/h3>\n\n\n\n<ul>\n<li>There is a gym in the building. <\/li>\n<\/ul>\n\n\n\n<div style=\"width:100%;padding:2px;background-color:#fff;border:0px solid #fff;margin-top:2%;margin-bottom:2%\" class=\"wp-block-tcb-separator\"><\/div>\n\n\n\n<h2 class=\"wp-block-heading\">Explore our vacancies in Sweden<\/h2>\n\n\n\n\n\n<div style=\"width:100%;padding:2px;background-color:#fff;border:0px solid #fff;margin-top:2%;margin-bottom:2%\" class=\"wp-block-tcb-separator\"><\/div>\n\n\n\n<a class=\"wp-block-tcb-link arrowlink\" href=\"https:\/\/careers.tuigroup.com\/locations\"><i class=\"fas fa-chevron-left\"><\/i><p class=\"arrowlink\">Back to Locations<\/p><\/a>\n\n\n\n<div style=\"width:100%;padding:2px;background-color:#fff;border:0px solid #fff;margin-top:2%;margin-bottom:2%\" class=\"wp-block-tcb-separator\"><\/div>\n","protected":false},"excerpt":{"rendered":"<p>Office(s) Stockholm (TUI Nordic) The office is located on S\u00f6dermalm, a part of Stockholm\u2019s inner city. It\u2019s only 3 stops by subway from central station and most people arrive to work by public transport. There are parking spots for rent just outside the building. Your manager will take care of you and introduce you to &hellip; <\/p>\n<p class=\"link-more\"><a href=\"https:\/\/demo-1.carlashub.com\/index.php\/locations\/sweden\/\" class=\"more-link\">Read More<span class=\"screen-reader-text\"> &#8220;Sweden&#8221;<\/span><\/a><\/p>\n","protected":false},"author":1,"featured_media":0,"parent":3685,"menu_order":0,"comment_status":"closed","ping_status":"closed","template":"","meta":[],"_links":{"self":[{"href":"https:\/\/demo-1.carlashub.com\/index.php\/wp-json\/wp\/v2\/pages\/255513"}],"collection":[{"href":"https:\/\/demo-1.carlashub.com\/index.php\/wp-json\/wp\/v2\/pages"}],"about":[{"href":"https:\/\/demo-1.carlashub.com\/index.php\/wp-json\/wp\/v2\/types\/page"}],"author":[{"embeddable":true,"href":"https:\/\/demo-1.carlashub.com\/index.php\/wp-json\/wp\/v2\/users\/1"}],"replies":[{"embeddable":true,"href":"https:\/\/demo-1.carlashub.com\/index.php\/wp-json\/wp\/v2\/comments?post=255513"}],"version-history":[{"count":0,"href":"https:\/\/demo-1.carlashub.com\/index.php\/wp-json\/wp\/v2\/pages\/255513\/revisions"}],"up":[{"embeddable":true,"href":"https:\/\/demo-1.carlashub.com\/index.php\/wp-json\/wp\/v2\/pages\/3685"}],"wp:attachment":[{"href":"https:\/\/demo-1.carlashub.com\/index.php\/wp-json\/wp\/v2\/media?parent=255513"}],"curies":[{"name":"wp","href":"https:\/\/api.w.org\/{rel}","templated":true}]}}