{"id":252635,"date":"2019-11-27T15:09:20","date_gmt":"2019-11-27T15:09:20","guid":{"rendered":"https:\/\/careers.tuigroup.com\/?page_id=252635"},"modified":"2019-11-27T15:09:20","modified_gmt":"2019-11-27T15:09:20","slug":"jobs-im-ausland","status":"publish","type":"page","link":"https:\/\/demo-1.carlashub.com\/index.php\/jobs-im-ausland\/","title":{"rendered":"Jobs im Ausland"},"content":{"rendered":"\n<!-- Google tag (gtag.js) --> <script async src=\"https:\/\/www.googletagmanager.com\/gtag\/js?id=AW-11468822278\"><\/script> <script> window.dataLayer = window.dataLayer || []; function gtag(){dataLayer.push(arguments);} gtag('js', new Date()); gtag('config', 'AW-11468822278'); <\/script>\n\n\n\n\n\n<div class=\"wp-block-tcb-hero-image hero-image-container full-width\"><svg><clipPath id=\"desktop-2560-hero-svg\" clipPathUnits=\"objectBoundingBox\"><path d=\"M0.031,0 L0.969,0 C0.986,0,1,0.024,1,0.053 L1,0.887 L1,0.887 C0.92,0.955,0.659,1,0.5,1 C0.341,1,0.08,0.955,0,0.887 L0,0.053 C0,0.024,0.014,0,0.031,0\"><\/path><\/clipPath><clipPath id=\"desktop-1920-hero-svg\" clipPathUnits=\"objectBoundingBox\"><path d=\"M80,0l1760,0c44.183,0,80,35.817,80,80l0,921.026l0,0c-153.475,76.391,-655.659,126.974,-960,126.974c-304.341,0,-806.525,-50.583,-960,-126.975l0,-921.025c0,-44.183,35.817,-80,80,-80z\"><\/path><\/clipPath><clipPath id=\"desktop-big-hero-svg\" clipPathUnits=\"objectBoundingBox\"><path d=\"M0.056,0 h0.889 c0.031,0,0.056,0.042,0.056,0.095 v0.793 C0.92,0.955,0.659,1,0.5,1 c-0.159,0,-0.42,-0.045,-0.5,-0.113 V0.095 c0,-0.052,0.025,-0.095,0.056,-0.095\"><\/path><\/clipPath><clipPath id=\"desktop-hero-svg\" clipPathUnits=\"objectBoundingBox\"><path d=\"M0.074,0 h0.854 c0.04,0,0.072,0.042,0.072,0.093 V0.887 C0.894,0.955,0.71,1,0.5,1 c-0.21,0,-0.394,-0.045,-0.5,-0.113 V0.095 c0,-0.052,0.033,-0.095,0.074,-0.095\"><\/path><\/clipPath><clipPath id=\"mobile-hero-svg\" clipPathUnits=\"objectBoundingBox\"><path d=\"M0.085,0 H0.915 C0.962,0,1,0.024,1,0.055 V0.949 C0.888,0.983,0.721,1,0.5,1 S0.112,0.983,0,0.949 V0.055 C0,0.024,0.038,0,0.085,0\"><\/path><\/clipPath><\/svg><div class=\"image-1920-470 hero-img\" aria-label=\"\" style=\"background-image: url(https:\/\/careers.tuigroup.com\/wp-content\/uploads\/2023\/12\/Jobs-Im-Ausland-e1703841558422.png)\" data-image=\"https:\/\/careers.tuigroup.com\/wp-content\/uploads\/2023\/12\/Jobs-Im-Ausland-e1703841558422.png\"><\/div><div class=\"image-1920-470 hero-mobile-image\" aria-label=\"\" style=\"background-image: url(https:\/\/careers.tuigroup.com\/wp-content\/uploads\/2023\/03\/Frida-Lindstrom.jpg)\" data-mobileimage=\"https:\/\/careers.tuigroup.com\/wp-content\/uploads\/2023\/03\/Frida-Lindstrom.jpg\"><\/div><div class=\"hero-overlay-wrapper\"><a href=\"https:\/\/careers.tuigroup.com\/de\/jobs-2?department=6\" class=\"\" target=\"_self\" rel=\"noopener noreferrer\"><div class=\"hero-overlay\"><h1 class=\"hero-image-headline hero-text\" style=\"color:#fff\">Jobs im Ausland<\/h1><span class=\"hero-image-text hero-text\" style=\"color:#fff\"><strong>Wir freuen uns, dich kennenzulernen<\/strong><\/span><\/div><\/a><\/div><\/div>\n\n\n\n<div style=\"width:100%;padding:1%;background-color:#fff;border:0px solid #fff;margin-top:1%;margin-bottom:1%\" class=\"wp-block-tcb-separator\"><\/div>\n\n\n\n<div class=\"wp-block-tcb-image-text columns-50-50\" style=\"background-color:#e2f6fd;padding:0%\"><a class=\"image-16-9  no-pointer\"><img src=\"https:\/\/careers.tuigroup.com\/wp-content\/uploads\/2023\/09\/group3-scaled.jpg\" alt=\"\"\/><\/a><div class=\"centered-text\">\n<h2 class=\"wp-block-heading\" id=\"h-tui-jobs-weltweit\"><strong>TUI Jobs weltweit<\/strong><\/h2>\n\n\n\n<p class=\"has-dark-blue-color has-text-color\">Das Leben in unseren TUI Destinationen ist alles was du es dir erhofft hast &#8211; aufregend, inspirierend und transformierend. Aber verlass dich nicht nur auf unser Wort, sondern \u00fcberzeuge dich selbst! Das herzlichste TUI Willkommen erwartet dich.<\/p>\n\n\n\n<p class=\"has-dark-blue-color has-text-color\">Wenn nicht jetzt, wann dann?!<\/p>\n\n\n\n<p class=\"has-dark-blue-color has-text-color\">Schicke uns eine E-Mail candidates.tuimm@tui.com<\/p>\n\n\n\n<p class=\"has-dark-blue-color has-text-color\">Stell uns eine Frage <a href=\"https:\/\/careers.tuigroup.com\/holiday-destination-jobs\/frequently-asked-questions\/\"><strong>FAQ<\/strong><\/a><strong><a href=\"https:\/\/careers.tuigroup.com\/de\/jobs-im-ausland\/haufig-gestellte-fragen\/\">s<\/a><\/strong><\/p>\n\n\n\n<p class=\"has-dark-blue-color has-text-color\">Folge uns auf den sozialen Netzwerken @TUIDestinationJobs<\/p>\n\n\n\n<p class=\"has-dark-blue-color has-text-color\">Wir wollen dich pers\u00f6nlich kennenlernen. Nimm an einer Rekrutierungsveranstaltung teil und <strong><a href=\"https:\/\/careers.tuigroup.com\/events\/\">klicke hier<\/a>.<\/strong><\/p>\n\n\n\n<p><\/p>\n<\/div><\/div>\n\n\n\n<div style=\"width:100%;padding:2px;background-color:#fff;border:0px solid #fff;margin-top:2%;margin-bottom:2%\" class=\"wp-block-tcb-separator\"><\/div>\n\n\n\n<div class=\"wp-block-tcb-events-calendar events-calendar-custom-block\"><ul class=\"ecs-event-list\" data-location=\"[]\" data-category=\"[1329]\" data-limit=\"6\"><\/ul><\/div>\n\n\n\n<div style=\"width:100%;padding:1%;background-color:#fff;border:0px solid #fff;margin-top:1%;margin-bottom:1%\" class=\"wp-block-tcb-separator\"><\/div>\n\n\n\n<div class=\"wp-block-tcb-entrypoint-container entrypoints-container\">\n<div class=\"wp-block-tcb-entrypoint entrypoint\"><a href=\"\/de\/jobs-im-ausland\/reiseleiter-guides-flughafen-reiseleiter\/\" class=\"\" target=\"_self\" rel=\"noopener noreferrer\"><img src=\"https:\/\/careers.tuigroup.com\/wp-content\/uploads\/2023\/09\/aladdin.mzoughi-e1695982762594.jpg\" alt=\"\"\/><div class=\"entrypoint-overlay\"><h2 class=\"entrypoint-headline\">HOTEL &amp; FLUGHAFEN REISELEITUNG<\/h2><\/div><\/a><\/div>\n\n\n\n<div class=\"wp-block-tcb-entrypoint entrypoint\"><a href=\"\/de\/jobs-im-ausland\/tui-kinderanimation\/\" class=\"\" target=\"_self\" rel=\"noopener noreferrer\"><img src=\"https:\/\/careers.tuigroup.com\/wp-content\/uploads\/2023\/09\/Alex-Aeppleston.jpg\" alt=\"\"\/><div class=\"entrypoint-overlay\"><h2 class=\"entrypoint-headline\">KINDERANIMATION<\/h2><\/div><\/a><\/div>\n\n\n\n<div class=\"wp-block-tcb-entrypoint entrypoint\"><a href=\"\/de\/jobs-im-ausland\/animation\/\" class=\"\" target=\"_self\" rel=\"noopener noreferrer\"><img src=\"https:\/\/careers.tuigroup.com\/wp-content\/uploads\/2023\/10\/TBFT-Aquaboards-scaled.jpeg\" alt=\"\"\/><div class=\"entrypoint-overlay\"><h2 class=\"entrypoint-headline\">ENTERTAINMENT<\/h2><\/div><\/a><\/div>\n\n\n\n<div class=\"wp-block-tcb-entrypoint entrypoint\"><a href=\"\/de\/jobs-im-ausland\/sport-fitness\/\" class=\"\" target=\"_self\" rel=\"noopener noreferrer\"><img src=\"https:\/\/careers.tuigroup.com\/wp-content\/uploads\/2023\/11\/tempImageati8tN-scaled-e1700056406826.jpg\" alt=\"\"\/><div class=\"entrypoint-overlay\"><h2 class=\"entrypoint-headline\">SPORT &amp; FITNESS<\/h2><\/div><\/a><\/div>\n\n\n\n<div class=\"wp-block-tcb-entrypoint entrypoint\"><a href=\"\/de\/jobs-im-ausland\/ski-jobs\/\" class=\"\" target=\"_self\" rel=\"noopener noreferrer\"><img src=\"https:\/\/careers.tuigroup.com\/wp-content\/uploads\/2023\/09\/Ilias-1-scaled.jpg\" alt=\"\"\/><div class=\"entrypoint-overlay\"><h2 class=\"entrypoint-headline\">SKI JOBS<\/h2><\/div><\/a><\/div>\n\n\n\n<div class=\"wp-block-tcb-entrypoint entrypoint\"><a href=\"\/de\/jobs-im-ausland\/tui-contact-centre\/\" class=\"\" target=\"_self\" rel=\"noopener noreferrer\"><img src=\"https:\/\/careers.tuigroup.com\/wp-content\/uploads\/2022\/09\/tui-mallorca-aug22-main_images-326-scaled.jpg\" alt=\"\"\/><div class=\"entrypoint-overlay\"><h2 class=\"entrypoint-headline\">Contact Centre<\/h2><\/div><\/a><\/div>\n<\/div>\n\n\n\n<div style=\"width:100%;padding:2px;background-color:#fff;border:0px solid #fff;margin-top:2%;margin-bottom:2%\" class=\"wp-block-tcb-separator\"><\/div>\n\n\n\n<div class=\"wp-block-tcb-entrypoint-container entrypoints-container\">\n<div class=\"wp-block-tcb-entrypoint entrypoint\"><a href=\"\/de\/jobs-im-ausland\/wie-wir-einstellen\" class=\"\" target=\"_self\" rel=\"noopener noreferrer\"><img src=\"https:\/\/careers.tuigroup.com\/wp-content\/uploads\/2023\/03\/Frida-Lindstrom.jpg\" alt=\"TUI Reiseleiter, Arm in Arm am Strand, winken einem Flugzeug zu, welches \u00fcber sie hinweg fliegt\"\/><div class=\"entrypoint-overlay\"><h2 class=\"entrypoint-headline\">DAS BIETEN WIR<\/h2><\/div><\/a><\/div>\n\n\n\n<div class=\"wp-block-tcb-entrypoint entrypoint\"><a href=\"https:\/\/careers.tuigroup.com\/life-at-tui\/\" class=\"\" target=\"_self\" rel=\"noopener noreferrer\"><img src=\"https:\/\/careers.tuigroup.com\/wp-content\/uploads\/2023\/03\/Screenshot-2022-09-15-at-13.08.23-e1663243757826.png\" alt=\"5 Reiseleiter in TUI BLUE Uniform stehen l\u00e4chelnd vor Palmen\"\/><div class=\"entrypoint-overlay\"><h2 class=\"entrypoint-headline\">LIFE AT TUI<\/h2><\/div><\/a><\/div>\n\n\n\n<div class=\"wp-block-tcb-entrypoint entrypoint\"><a class=\"modal-target\" data-bs-toggle=\"modal\" data-bs-target=\"#modalOverlay-9\" target=\"_self\" rel=\"noopener noreferrer\"><img src=\"https:\/\/careers.tuigroup.com\/wp-content\/uploads\/2023\/03\/@aguycalledsaul-1.jpg\" alt=\"3 Fitness Instrukteure posieren in TUI BLUE Uniform vor einem Pool\"\/><div class=\"entrypoint-overlay\"><h2 class=\"entrypoint-headline\">DEINE BEWERBUNGSREISE<\/h2><\/div><div class=\"modal fade\" id=\"modalOverlay-9\" tabindex=\"-1\" role=\"dialog\" aria-labelledby=\"modalTitle\" aria-hidden=\"true\"><div class=\"modal-dialog modal-dialog-centered\" role=\"document\"><div class=\"modal-content\"><div class=\"modal-header\"><h5 class=\"modal-title\" id=\"modalTitle\">DEINE BEWERBUNGSREISE<\/h5><button type=\"button\" class=\"btn-close\" data-bs-dismiss=\"modal\" aria-label=\"Close\"><\/button><\/div><div class=\"modal-body\"><img class=\"modalImage\" src=\"https:\/\/careers.tuigroup.com\/wp-content\/uploads\/2022\/12\/Candidate_Journey_Illustration_V3.jpg-scaled.jpg\"\/><\/div><\/div><\/div><\/div><\/a><\/div>\n<\/div>\n\n\n\n<div style=\"width:100%;padding:2px;background-color:#fff;border:0px solid #fff;margin-top:2%;margin-bottom:2%\" class=\"wp-block-tcb-separator\"><\/div>\n\n\n\n<h2 class=\"wp-block-heading has-dark-blue-color has-text-color\" id=\"h-tui-jobs-im-ausland\"><strong>TUI Jobs im Ausland<\/strong><\/h2>\n\n\n\n<p class=\"has-dark-blue-color has-text-color\">Wir finden, dass jeder die Wunder, die die Welt zu bieten hat, erleben sollte \u2013 und zwar nicht nur unsere G\u00e4ste. Finde deine Traumkarriere im Ausland bei TUI. Du bekommst einen flexiblen Arbeitsvertrag f\u00fcr L\u00e4nder wie Spanien, Griechenland und der T\u00fcrkei &#8211; aber dieser Weg kann dich \u00fcberall auf der Welt hinf\u00fchren. Du musst einen EU-Reisepass besitzen (oder beantragen k\u00f6nnen), um dich zu bewerben. Lass dich hier inspirieren!<\/p>\n\n\n\n\n\n<div style=\"width:100%;padding:2px;background-color:#fff;border:0px solid #fff;margin-top:2%;margin-bottom:2%\" class=\"wp-block-tcb-separator\"><\/div>\n\n\n\n<h2 class=\"wp-block-heading has-dark-blue-color has-text-color\" id=\"h-tui-jobs-in-deinem-heimatland\"><strong>TUI Jobs in deinem Heimatland<\/strong><\/h2>\n\n\n\n<p class=\"has-dark-blue-color has-text-color\">Stimmt es, dass niemand einen Ort besser kennt als diejenigen, die dort leben? Lass es uns herausfinden! Als TUI Mitarbeiter*in inspirierst du Menschen mit deinem Fachwissen \u00fcber unglaubliche Orte, \u00fcberraschende Fakten und einzigartige Aktivit\u00e4ten, die unsere Reiseziele ausmachen. Wenn du in einem der folgenden L\u00e4nder ans\u00e4ssig bist, sowie alle <strong>Dokumente <\/strong>um dort Leben und Arbeiten zu d\u00fcrfen, bewirb dich noch heute!<\/p>\n\n\n\n\n\n<div style=\"width:100%;padding:1px;background-color:#fff;border:0px solid #fff;margin-top:1%;margin-bottom:1%\" class=\"wp-block-tcb-separator\"><\/div>\n","protected":false},"excerpt":{"rendered":"<p>TUI Jobs im Ausland Wir finden, dass jeder die Wunder, die die Welt zu bieten hat, erleben sollte \u2013 und zwar nicht nur unsere G\u00e4ste. Finde deine Traumkarriere im Ausland bei TUI. Du bekommst einen flexiblen Arbeitsvertrag f\u00fcr L\u00e4nder wie Spanien, Griechenland und der T\u00fcrkei &#8211; aber dieser Weg kann dich \u00fcberall auf der Welt &hellip; <\/p>\n<p class=\"link-more\"><a href=\"https:\/\/demo-1.carlashub.com\/index.php\/jobs-im-ausland\/\" class=\"more-link\">Read More<span class=\"screen-reader-text\"> &#8220;Jobs im Ausland&#8221;<\/span><\/a><\/p>\n","protected":false},"author":1,"featured_media":0,"parent":0,"menu_order":0,"comment_status":"closed","ping_status":"closed","template":"","meta":[],"_links":{"self":[{"href":"https:\/\/demo-1.carlashub.com\/index.php\/wp-json\/wp\/v2\/pages\/252635"}],"collection":[{"href":"https:\/\/demo-1.carlashub.com\/index.php\/wp-json\/wp\/v2\/pages"}],"about":[{"href":"https:\/\/demo-1.carlashub.com\/index.php\/wp-json\/wp\/v2\/types\/page"}],"author":[{"embeddable":true,"href":"https:\/\/demo-1.carlashub.com\/index.php\/wp-json\/wp\/v2\/users\/1"}],"replies":[{"embeddable":true,"href":"https:\/\/demo-1.carlashub.com\/index.php\/wp-json\/wp\/v2\/comments?post=252635"}],"version-history":[{"count":0,"href":"https:\/\/demo-1.carlashub.com\/index.php\/wp-json\/wp\/v2\/pages\/252635\/revisions"}],"wp:attachment":[{"href":"https:\/\/demo-1.carlashub.com\/index.php\/wp-json\/wp\/v2\/media?parent=252635"}],"curies":[{"name":"wp","href":"https:\/\/api.w.org\/{rel}","templated":true}]}}